ed by 387?
285
What is the remainder when 7656 is divided by 28?
12
Calculate the remainder when 219533 is divided by 25.
8
Calculate the remainder when 115005 is divided by 38328.
21
What is the remainder when 818 is divided by 316?
186
Calculate the remainder when 663 is divided by 207.
42
Calculate the remainder when 4392 is divided by 4387.
5
What is the remainder when 56908 is divided by 286?
280
Calculate the remainder when 26077 is divided by 82.
1
Calculate the remainder when 4355 is divided by 1897.
561
Calculate the remainder when 24276 is divided by 8066.
78
Calculate the remainder when 68514 is divided by 104.
82
What is the remainder when 146695 is divided by 31?
3
Calculate the remainder when 29714 is divided by 24.
2
What is the remainder when 8477 is divided by 8168?
309
Calculate the remainder when 1270 is divided by 365.
175
What is the remainder when 2429 is divided by 1468?
961
Calculate the remainder when 8395 is divided by 79.
21
Calculate the remainder when 1817 is divided by 1141.
676
Calculate the remainder when 69688 is divided by 74.
54
What is the remainder when 75367 is divided by 584?
31
Calculate the remainder when 2288712 is divided by 429.
426
Calculate the remainder when 44308 is divided by 7.
5
Calculate the remainder when 159596 is divided by 27.
26
Calculate the remainder when 171529 is divided by 33.
28
Calculate the remainder when 85353 is divided by 42674.
5
What is the remainder when 21837 is divided by 7278?
3
What is the remainder when 2331 is divided by 904?
523
What is the remainder when 1013159 is divided by 140?
119
What is the remainder when 2321 is divided by 748?
77
What is the remainder when 529926 is divided by 176640?
6
What is the remainder when 2079838 is divided by 693279?
1
Calculate the remainder when 41622 is divided by 107.
106
What is the remainder when 370 is divided by 179?
12
Calculate the remainder when 13455 is divided by 1231.
1145
Calculate the remainder when 2755 is divided by 213.
199
Calculate the remainder when 3297 is divided by 1096.
9
Calculate the remainder when 13718 is divided by 596.
10
What is the remainder when 34060 is divided by 15?
10
What is the remainder when 724590 is divided by 46?
44
Calculate the remainder when 749 is divided by 730.
19
What is the remainder when 23779 is divided by 791?
49
Calculate the remainder when 7593 is divided by 57.
12
What is the remainder when 2531753 is divided by 9?
8
Calculate the remainder when 14979 is divided by 7479.
21
Calculate the remainder when 1905934 is divided by 472.
470
What is the remainder when 99245 is divided by 119?
118
Calculate the remainder when 1071 is divided by 31.
17
What is the remainder when 62284 is divided by 12451?
29
Calculate the remainder when 13726 is divided by 199.
194
What is the remainder when 217148 is divided by 10?
8
Calculate the remainder when 3109 is divided by 42.
1
What is the remainder when 6431 is divided by 1?
0
What is the remainder when 63593 is divided by 30?
23
What is the remainder when 2628 is divided by 4?
0
What is the remainder when 59 is divided by 33?
26
Calculate the remainder when 9835 is divided by 322.
175
What is the remainder when 32591 is divided by 1253?
13
What is the remainder when 9690 is divided by 1927?
55
Calculate the remainder when 162 is divided by 161.
1
Calculate the remainder when 1321466 is divided by 16.
10
What is the remainder when 8692 is divided by 9?
7
What is the remainder when 6592 is divided by 2188?
28
What is the remainder when 7516 is divided by 12?
4
What is the remainder when 700296 is divided by 701?
698
Calculate the remainder when 7963 is divided by 7950.
13
What is the remainder when 126717 is divided by 217?
206
Calculate the remainder when 345206 is divided by 1089.
1082
Calculate the remainder when 35498 is divided by 8871.
14
Calculate the remainder when 5291 is divided by 220.
11
Calculate the remainder when 80358 is divided by 40164.
30
Calculate the remainder when 843739 is divided by 1551.
1546
Calculate the remainder when 20339 is divided by 18.
17
Calculate the remainder when 17500 is divided by 1749.
10
What is the remainder when 60087 is divided by 20028?
3
What is the remainder when 115493 is divided by 279?
266
Calculate the remainder when 8162 is divided by 82.
44
What is the remainder when 15378 is divided by 15366?
12
Calculate the remainder when 4627 is divided by 984.
691
What is the remainder when 6649939 is divided by 26?
23
What is the remainder when 23946 is divided by 2388?
66
What is the remainder when 3474 is divided by 674?
104
Calculate the remainder when 846143 is divided by 155.
153
What is the remainder when 10921 is divided by 26?
1
What is the remainder when 28642 is divided by 14309?
24
What is the remainder when 26720 is divided by 13315?
90
Calculate the remainder when 2884 is divided by 214.
102
Calculate the remainder when 272677 is divided by 8.
5
Calculate the remainder when 107653 is divided by 51.
43
What is the remainder when 674 is divided by 182?
128
What is the remainder when 9491 is divided by 1394?
1127
Calculate the remainder when 899 is divided by 311.
277
What is the remainder when 7989 is divided by 58?
43
What is the remainder when 496723 is divided by 344?
331
What is the remainder when 662293 is divided by 220761?
10
Calculate the remainder when 5339 is divided by 535.
524
Calculate the remainder when 5284 is divided by 881.
879
Calculate the remainder when 8679 is divided by 86.
79
What is the remainder when 216507 is divided by 479?
478
What is the remainder when 35063 is divided by 30?
23
What is the remainder when 398847 is divided by 152?
151
What is the remainder when 23040 is divided by 1?
0
Calculate the remainder when 2409937 is divided by 155.
152
What is the remainder when 105909 is divided by 238?
237
What is the remainder when 4539 is divided by 783?
624
What is the remainder when 284646 is divided by 136?
134
What is the remainder when 12899 is divided by 1432?
11
What is the remainder when 2420 is divided by 63?
26
Calculate the remainder when 16647543 is divided by 2243.
2240
Calculate the remainder when 2473 is divided by 1058.
357
Calculate the remainder when 2496 is divided by 1399.
1097
What is the remainder when 271 is divided by 99?
73
What is the remainder when 119304 is divided by 22?
20
Calculate the remainder when 11471 is divided by 11467.
4
What is the remainder when 73322 is divided by 9?
8
Calculate the remainder when 1647 is divided by 406.
23
Calculate the remainder when 470204 is divided by 117549.
8
What is the remainder when 1650 is divided by 377?
142
What is the remainder when 4812 is divided by 3515?
1297
Calculate the remainder when 15931 is divided by 937.
2
What is the remainder when 443 is divided by 199?
45
What is the remainder when 6774 is divided by 6740?
34
Calculate the remainder when 38601 is divided by 238.
45
What is the remainder when 13527 is divided by 1108?
231
Calculate the remainder when 68835 is divided by 447.
444
Calculate the remainder when 1546 is divided by 463.
157
Calculate the remainder when 21417 is divided by 1600.
617
Calculate the remainder when 6783 is divided by 519.
36
Calculate the remainder when 14339 is divided by 14338.
1
What is the remainder when 20191 is divided by 672?
31
What is the remainder when 2907 is divided by 702?
99
What is the remainder when 1142065 is divided by 67180?
5
What is the remainder when 175546 is divided by 121?
96
What is the remainder when 6419 is divided by 1014?
335
Calculate the remainder when 23618 is divided by 209.
1
Calculate the remainder when 30513 is divided by 782.
15
What is the remainder when 4779 is divided by 2365?
49
What is the remainder when 5609 is divided by 2801?
7
What is the remainder when 113665 is divided by 18933?
67
What is the remainder when 59818 is divided by 52?
18
Calculate the remainder when 510953 is divided by 10.
3
Calculate the remainder when 242714 is divided by 314.
306
What is the remainder when 31151 is divided by 10372?
35
What is the remainder when 7617 is divided by 110?
27
Calculate the remainder when 952778 is divided by 724.
718
What is the remainder when 12054 is divided by 31?
26
Calculate the remainder when 1374 is d